{"id":38,"date":"2020-11-07T10:26:25","date_gmt":"2020-11-07T13:26:25","guid":{"rendered":"http:\/\/cestaagroecologica.com.br\/?page_id=38"},"modified":"2026-04-26T16:18:31","modified_gmt":"2026-04-26T19:18:31","slug":"colibri-wp","status":"publish","type":"page","link":"https:\/\/novo.cestaagroecologica.com.br\/","title":{"rendered":"In\u00edcio"},"content":{"rendered":"\n<div class=\"wp-block-group alignfull is-layout-constrained wp-block-group-is-layout-constrained\">\n<div class=\"wp-block-cover alignfull\"><img loading=\"lazy\" decoding=\"async\" width=\"1024\" height=\"678\" class=\"wp-block-cover__image-background wp-image-356 size-large\" alt=\"\" src=\"https:\/\/novo.cestaagroecologica.com.br\/wp-content\/uploads\/2020\/11\/laptop-2055522_1920-1024x678.jpg\" data-object-fit=\"cover\" srcset=\"https:\/\/novo.cestaagroecologica.com.br\/wp-content\/uploads\/2020\/11\/laptop-2055522_1920-1024x678.jpg 1024w, https:\/\/novo.cestaagroecologica.com.br\/wp-content\/uploads\/2020\/11\/laptop-2055522_1920-300x199.jpg 300w, https:\/\/novo.cestaagroecologica.com.br\/wp-content\/uploads\/2020\/11\/laptop-2055522_1920-768x508.jpg 768w, https:\/\/novo.cestaagroecologica.com.br\/wp-content\/uploads\/2020\/11\/laptop-2055522_1920-1536x1017.jpg 1536w, https:\/\/novo.cestaagroecologica.com.br\/wp-content\/uploads\/2020\/11\/laptop-2055522_1920.jpg 1920w\" sizes=\"auto, (max-width: 1024px) 100vw, 1024px\" \/><span aria-hidden=\"true\" class=\"wp-block-cover__background has-background-dim\" style=\"background-color:#7a695a\"><\/span><div class=\"wp-block-cover__inner-container is-layout-constrained wp-block-cover-is-layout-constrained\">\n<p class=\"has-text-align-center has-x-large-font-size\" style=\"font-style:normal;font-weight:700\">Tecnologia da Informa\u00e7\u00e3o, Comunica\u00e7\u00e3o, Democracia e Movimentos Sociais<\/p>\n<\/div><\/div>\n<\/div>\n\n\n\n<div class=\"wp-block-group alignfull is-layout-constrained wp-block-group-is-layout-constrained\" style=\"padding-top:4rem;padding-bottom:4rem\">\n<div class=\"wp-block-columns is-layout-flex wp-container-core-columns-is-layout-28f84493 wp-block-columns-is-layout-flex\">\n<div class=\"wp-block-column has-palette-color-2-background-color has-background is-layout-flow wp-block-column-is-layout-flow\" style=\"border-top-left-radius:12px;border-top-right-radius:12px;border-bottom-left-radius:12px;border-bottom-right-radius:12px;padding-top:6rem;padding-bottom:6rem\">\n<h4 class=\"wp-block-heading has-text-align-center has-palette-color-8-color has-text-color has-link-color wp-elements-6a555ca3e429903fd06c527a2ff495b7\" style=\"text-transform:uppercase\">Tecnologia Social<\/h4>\n<\/div>\n\n\n\n<div class=\"wp-block-column is-vertically-aligned-center has-palette-color-8-color has-palette-color-2-background-color has-text-color has-background has-link-color wp-elements-60449d4a0055b8b3a6ed0fc3058ba6e2 is-layout-flow wp-block-column-is-layout-flow\" style=\"border-top-left-radius:12px;border-top-right-radius:12px;border-bottom-left-radius:12px;border-bottom-right-radius:12px;padding-top:6rem;padding-bottom:6rem\">\n<h4 class=\"wp-block-heading has-text-align-center has-palette-color-8-color has-text-color has-link-color wp-elements-6d923d1439e913cb4a4bb1cb0a0775e9\" style=\"text-transform:uppercase\">Design Participativo<\/h4>\n<\/div>\n\n\n\n<div class=\"wp-block-column is-vertically-aligned-center has-palette-color-8-color has-palette-color-2-background-color has-text-color has-background has-link-color wp-elements-3957d43af1263a744df4668975207a0a is-layout-flow wp-block-column-is-layout-flow\" style=\"border-top-left-radius:12px;border-top-right-radius:12px;border-bottom-left-radius:12px;border-bottom-right-radius:12px;padding-top:6rem;padding-bottom:6rem\">\n<h4 class=\"wp-block-heading has-text-align-center has-palette-color-8-color has-text-color has-link-color wp-elements-e2935a3846e0a0663553731558b150eb\" style=\"text-transform:uppercase\">Software Livre<\/h4>\n<\/div>\n<\/div>\n<\/div>\n\n\n\n<div class=\"wp-block-group alignfull is-layout-constrained wp-block-group-is-layout-constrained has-background\" id=\"quem-somos\" style=\"padding-top:2rem;padding-bottom:2rem;background-image:url(&apos;https:\/\/novo.cestaagroecologica.com.br\/wp-content\/uploads\/2020\/11\/pexels-binyamin-mellish-169523-1-scaled.jpg&apos;);background-size:cover;\">\n<div class=\"wp-block-columns is-layout-flex wp-container-core-columns-is-layout-28f84493 wp-block-columns-is-layout-flex\">\n<div class=\"wp-block-column has-palette-color-8-background-color has-background is-layout-flow wp-block-column-is-layout-flow\" style=\"padding-top:4rem;padding-right:4rem;padding-bottom:4rem;padding-left:4rem;flex-basis:66.66%\">\n<p style=\"text-transform:uppercase\"><strong>Quem somos<\/strong><\/p>\n\n\n\n<p class=\"has-large-font-size\">Projeto Tecnologias da Informa\u00e7\u00e3o e Comunica\u00e7\u00e3o, Democracia e Movimentos Sociais.<\/p>\n\n\n\n<p>O projeto TIC-DeMoS faz parte do N\u00facleo Interdisciplinar para o Desenvolvimento Social da UFRJ e trabalha principalmente a partir de uma \u00f3tica de um desenvolvimento participativo de tecnologias voltadas para ampliar a participa\u00e7\u00e3o e a democracia em movimentos sociais e processos de desenvolvimento local. Al\u00e9m disso, na busca pela constru\u00e7\u00e3o de tecnologias que fortale\u00e7am processos participativos, horizontais, cooperativos, solid\u00e1rios e anti-capitalistas, trabalha com conceitos de Participa\u00e7\u00e3o, Coopera\u00e7\u00e3o, Consenso, Gest\u00e3o Participativa e Democracia, para isso utiliza tamb\u00e9m da dialogicidade.<\/p>\n\n\n\n<div class=\"wp-block-buttons is-layout-flex wp-block-buttons-is-layout-flex\">\n<div class=\"wp-block-button\"><a class=\"wp-block-button__link wp-element-button\" href=\"https:\/\/nides.ufrj.br\/index.php\/projetos-soltec\/ticdemos\">CONHE\u00c7A MAIS<\/a><\/div>\n<\/div>\n<\/div>\n\n\n\n<div class=\"wp-block-column is-layout-flow wp-block-column-is-layout-flow\" style=\"flex-basis:33.33%\"><\/div>\n<\/div>\n<\/div>\n\n\n\n<div class=\"wp-block-group is-layout-constrained wp-block-group-is-layout-constrained\" style=\"padding-top:2rem;padding-bottom:2rem\">\n<h2 class=\"wp-block-heading has-text-align-center\">Projetos e experi\u00eancias<\/h2>\n\n\n\n<p><\/p>\n<\/div>\n\n\n\n<div class=\"wp-block-group is-layout-constrained wp-block-group-is-layout-constrained\" style=\"padding-top:2rem;padding-bottom:2rem\">\n<h2 class=\"wp-block-heading has-text-align-center\">Nossa equipe<\/h2>\n\n\n\n<p><\/p>\n<\/div>\n\n\n\n<div class=\"wp-block-group alignfull has-palette-color-5-background-color has-background is-layout-constrained wp-block-group-is-layout-constrained\" id=\"contato\" style=\"padding-top:2rem;padding-bottom:2rem\">\n<div class=\"wp-block-group has-palette-color-8-background-color has-background is-content-justification-center is-nowrap is-layout-flex wp-container-core-group-is-layout-d0c98a90 wp-block-group-is-layout-flex\" style=\"margin-top:0;margin-bottom:0;padding-top:0px;padding-right:0px;padding-bottom:0px;padding-left:0px;box-shadow:var(--wp--preset--shadow--natural)\">\n<figure class=\"wp-block-image size-full is-style-default wp-container-content-432d1f4f\"><img loading=\"lazy\" decoding=\"async\" width=\"2560\" height=\"1747\" src=\"https:\/\/novo.cestaagroecologica.com.br\/wp-content\/uploads\/2020\/11\/old-typewriter-1411731-scaled.jpg\" alt=\"\" class=\"wp-image-116\" style=\"object-fit:cover\" srcset=\"https:\/\/novo.cestaagroecologica.com.br\/wp-content\/uploads\/2020\/11\/old-typewriter-1411731-scaled.jpg 2560w, https:\/\/novo.cestaagroecologica.com.br\/wp-content\/uploads\/2020\/11\/old-typewriter-1411731-300x205.jpg 300w\" sizes=\"auto, (max-width: 2560px) 100vw, 2560px\" \/><\/figure>\n\n\n\n<div class=\"wp-block-group has-palette-color-8-background-color has-background wp-container-content-9cfa9a5a is-layout-constrained wp-block-group-is-layout-constrained\" style=\"padding-top:6rem;padding-bottom:6rem\">\n<p class=\"has-palette-color-4-color has-text-color has-link-color has-medium-font-size wp-elements-e9953ade438a2a44272335df026bf74e\">Para d\u00favidas, entre em contato atrav\u00e9s do e-mail: <br><br>nidesdevufrj@gmail.com<\/p>\n<\/div>\n<\/div>\n<\/div>\n","protected":false},"excerpt":{"rendered":"<p>Tecnologia Social Design Participativo Software Livre Quem somos Projeto Tecnologias da Informa\u00e7\u00e3o e Comunica\u00e7\u00e3o, Democracia e Movimentos Sociais. O projeto TIC-DeMoS faz parte do N\u00facleo Interdisciplinar para o Desenvolvimento Social da UFRJ e trabalha principalmente a partir de uma \u00f3tica de um desenvolvimento participativo de tecnologias voltadas para ampliar a participa\u00e7\u00e3o e a democracia em [&hellip;]<\/p>\n","protected":false},"author":1,"featured_media":0,"parent":0,"menu_order":0,"comment_status":"closed","ping_status":"closed","template":"","meta":{"_acf_changed":false,"footnotes":""},"class_list":["post-38","page","type-page","status-publish","hentry"],"blocksy_meta":[],"acf":[],"_links":{"self":[{"href":"https:\/\/novo.cestaagroecologica.com.br\/index.php?rest_route=\/wp\/v2\/pages\/38","targetHints":{"allow":["GET"]}}],"collection":[{"href":"https:\/\/novo.cestaagroecologica.com.br\/index.php?rest_route=\/wp\/v2\/pages"}],"about":[{"href":"https:\/\/novo.cestaagroecologica.com.br\/index.php?rest_route=\/wp\/v2\/types\/page"}],"author":[{"embeddable":true,"href":"https:\/\/novo.cestaagroecologica.com.br\/index.php?rest_route=\/wp\/v2\/users\/1"}],"replies":[{"embeddable":true,"href":"https:\/\/novo.cestaagroecologica.com.br\/index.php?rest_route=%2Fwp%2Fv2%2Fcomments&post=38"}],"version-history":[{"count":29,"href":"https:\/\/novo.cestaagroecologica.com.br\/index.php?rest_route=\/wp\/v2\/pages\/38\/revisions"}],"predecessor-version":[{"id":903,"href":"https:\/\/novo.cestaagroecologica.com.br\/index.php?rest_route=\/wp\/v2\/pages\/38\/revisions\/903"}],"wp:attachment":[{"href":"https:\/\/novo.cestaagroecologica.com.br\/index.php?rest_route=%2Fwp%2Fv2%2Fmedia&parent=38"}],"curies":[{"name":"wp","href":"https:\/\/api.w.org\/{rel}","templated":true}]}}

Início

<div class="wp-block-group alignfull is-layout-constrained wp-block-group-is-layout-constrained">
<div class="wp-block-cover alignfull"><img loading="lazy" decoding="async" width="1024" height="678" class="wp-block-cover__image-background wp-image-356 size-large" alt="" src="https://novo.cestaagroecologica.com.br/wp-content/uploads/2020/11/laptop-2055522_1920-1024x678.jpg" data-object-fit="cover" srcset="https://novo.cestaagroecologica.com.br/wp-content/uploads/2020/11/laptop-2055522_1920-1024x678.jpg 1024w, https://novo.cestaagroecologica.com.br/wp-content/uploads/2020/11/laptop-2055522_1920-300x199.jpg 300w, https://novo.cestaagroecologica.com.br/wp-content/uploads/2020/11/laptop-2055522_1920-768x508.jpg 768w, https://novo.cestaagroecologica.com.br/wp-content/uploads/2020/11/laptop-2055522_1920-1536x1017.jpg 1536w, https://novo.cestaagroecologica.com.br/wp-content/uploads/2020/11/laptop-2055522_1920.jpg 1920w" sizes="auto, (max-width: 1024px) 100vw, 1024px" /><span aria-hidden="true" class="wp-block-cover__background has-background-dim" style="background-color:#7a695a"></span><div class="wp-block-cover__inner-container is-layout-constrained wp-block-cover-is-layout-constrained">
<p class="has-text-align-center has-x-large-font-size" style="font-style:normal;font-weight:700">Tecnologia da Informação, Comunicação, Democracia e Movimentos Sociais</p>
</div></div>
</div>



<div class="wp-block-group alignfull is-layout-constrained wp-block-group-is-layout-constrained" style="padding-top:4rem;padding-bottom:4rem">
<div class="wp-block-columns is-layout-flex wp-container-core-columns-is-layout-28f84493 wp-block-columns-is-layout-flex">
<div class="wp-block-column has-palette-color-2-background-color has-background is-layout-flow wp-block-column-is-layout-flow" style="border-top-left-radius:12px;border-top-right-radius:12px;border-bottom-left-radius:12px;border-bottom-right-radius:12px;padding-top:6rem;padding-bottom:6rem">
<h4 class="wp-block-heading has-text-align-center has-palette-color-8-color has-text-color has-link-color wp-elements-6a555ca3e429903fd06c527a2ff495b7" style="text-transform:uppercase">Tecnologia Social</h4>
</div>



<div class="wp-block-column is-vertically-aligned-center has-palette-color-8-color has-palette-color-2-background-color has-text-color has-background has-link-color wp-elements-60449d4a0055b8b3a6ed0fc3058ba6e2 is-layout-flow wp-block-column-is-layout-flow" style="border-top-left-radius:12px;border-top-right-radius:12px;border-bottom-left-radius:12px;border-bottom-right-radius:12px;padding-top:6rem;padding-bottom:6rem">
<h4 class="wp-block-heading has-text-align-center has-palette-color-8-color has-text-color has-link-color wp-elements-6d923d1439e913cb4a4bb1cb0a0775e9" style="text-transform:uppercase">Design Participativo</h4>
</div>



<div class="wp-block-column is-vertically-aligned-center has-palette-color-8-color has-palette-color-2-background-color has-text-color has-background has-link-color wp-elements-3957d43af1263a744df4668975207a0a is-layout-flow wp-block-column-is-layout-flow" style="border-top-left-radius:12px;border-top-right-radius:12px;border-bottom-left-radius:12px;border-bottom-right-radius:12px;padding-top:6rem;padding-bottom:6rem">
<h4 class="wp-block-heading has-text-align-center has-palette-color-8-color has-text-color has-link-color wp-elements-e2935a3846e0a0663553731558b150eb" style="text-transform:uppercase">Software Livre</h4>
</div>
</div>
</div>



<div class="wp-block-group alignfull is-layout-constrained wp-block-group-is-layout-constrained has-background" id="quem-somos" style="padding-top:2rem;padding-bottom:2rem;background-image:url(&apos;https://novo.cestaagroecologica.com.br/wp-content/uploads/2020/11/pexels-binyamin-mellish-169523-1-scaled.jpg&apos;);background-size:cover;">
<div class="wp-block-columns is-layout-flex wp-container-core-columns-is-layout-28f84493 wp-block-columns-is-layout-flex">
<div class="wp-block-column has-palette-color-8-background-color has-background is-layout-flow wp-block-column-is-layout-flow" style="padding-top:4rem;padding-right:4rem;padding-bottom:4rem;padding-left:4rem;flex-basis:66.66%">
<p style="text-transform:uppercase"><strong>Quem somos</strong></p>



<p class="has-large-font-size">Projeto Tecnologias da Informação e Comunicação, Democracia e Movimentos Sociais.</p>



<p>O projeto TIC-DeMoS faz parte do Núcleo Interdisciplinar para o Desenvolvimento Social da UFRJ e trabalha principalmente a partir de uma ótica de um desenvolvimento participativo de tecnologias voltadas para ampliar a participação e a democracia em movimentos sociais e processos de desenvolvimento local. Além disso, na busca pela construção de tecnologias que fortaleçam processos participativos, horizontais, cooperativos, solidários e anti-capitalistas, trabalha com conceitos de Participação, Cooperação, Consenso, Gestão Participativa e Democracia, para isso utiliza também da dialogicidade.</p>



<div class="wp-block-buttons is-layout-flex wp-block-buttons-is-layout-flex">
<div class="wp-block-button"><a class="wp-block-button__link wp-element-button" href="https://nides.ufrj.br/index.php/projetos-soltec/ticdemos">CONHEÇA MAIS</a></div>
</div>
</div>



<div class="wp-block-column is-layout-flow wp-block-column-is-layout-flow" style="flex-basis:33.33%"></div>
</div>
</div>



<div class="wp-block-group is-layout-constrained wp-block-group-is-layout-constrained" style="padding-top:2rem;padding-bottom:2rem">
<h2 class="wp-block-heading has-text-align-center">Projetos e experiências</h2>



<p></p>
</div>



<div class="wp-block-group is-layout-constrained wp-block-group-is-layout-constrained" style="padding-top:2rem;padding-bottom:2rem">
<h2 class="wp-block-heading has-text-align-center">Nossa equipe</h2>



<p></p>
</div>



<div class="wp-block-group alignfull has-palette-color-5-background-color has-background is-layout-constrained wp-block-group-is-layout-constrained" id="contato" style="padding-top:2rem;padding-bottom:2rem">
<div class="wp-block-group has-palette-color-8-background-color has-background is-content-justification-center is-nowrap is-layout-flex wp-container-core-group-is-layout-d0c98a90 wp-block-group-is-layout-flex" style="margin-top:0;margin-bottom:0;padding-top:0px;padding-right:0px;padding-bottom:0px;padding-left:0px;box-shadow:var(--wp--preset--shadow--natural)">
<figure class="wp-block-image size-full is-style-default wp-container-content-432d1f4f"><img loading="lazy" decoding="async" width="2560" height="1747" src="https://novo.cestaagroecologica.com.br/wp-content/uploads/2020/11/old-typewriter-1411731-scaled.jpg" alt="" class="wp-image-116" style="object-fit:cover" srcset="https://novo.cestaagroecologica.com.br/wp-content/uploads/2020/11/old-typewriter-1411731-scaled.jpg 2560w, https://novo.cestaagroecologica.com.br/wp-content/uploads/2020/11/old-typewriter-1411731-300x205.jpg 300w" sizes="auto, (max-width: 2560px) 100vw, 2560px" /></figure>



<div class="wp-block-group has-palette-color-8-background-color has-background wp-container-content-9cfa9a5a is-layout-constrained wp-block-group-is-layout-constrained" style="padding-top:6rem;padding-bottom:6rem">
<p class="has-palette-color-4-color has-text-color has-link-color has-medium-font-size wp-elements-e9953ade438a2a44272335df026bf74e">Para dúvidas, entre em contato através do e-mail: <br><br>nidesdevufrj@gmail.com</p>
</div>
</div>
</div>

<p>Tecnologia Social Design Participativo Software Livre Quem somos Projeto Tecnologias da Informação e Comunicação, Democracia e Movimentos Sociais. O projeto TIC-DeMoS faz parte do Núcleo Interdisciplinar para o Desenvolvimento Social da UFRJ e trabalha principalmente a partir de uma ótica de um desenvolvimento participativo de tecnologias voltadas para ampliar a participação e a democracia em [&hellip;]</p>
